15*p - 60. Let q(z) = 46*z + 180. Let g(m) = 11*a(m) + 4*q(m). Let x be g(-18). Let d = x + 409. Is d a composite number?
False
Let x(q) = 2*q**2 + 10*q - 6. Let h be x(-5). Let b(z) = 2*z**2 + 7*z - 11. Let s be b(h). Suppose -21*u + 102 = -s*u. Is u a composite number?
True
Let n be 2*(375/(-10))/5. Let s(j) = -8*j**3 + 16*j**2 - 9*j + 19 + 2*j**3 + 6*j**3 + j**3. Is s(n) prime?
True
Let j be ((-10)/(-3))/(4/(-3) - -1). Is ((-11988)/(-30) - -9) + (-4)/j prime?
True
Let o(c) = 4780*c**2 - 200*c + 1597. Is o(8) a composite number?
False
Let f = 518008 + -314809. Is f a composite number?
True
Is (238243 + -10)*(-3)/(-9) a composite number?
False
Suppose 6*n = 30 - 24. Is (n - (-9112)/5) + 236/(-590) composite?
False
Suppose 4*y = -2*o + 2*y + 982, -3*o - 5*y + 1469 = 0. Is o/(-2)*(8/(-1) + 6) composite?
True
Let y be 2 - 7 - (-19 + -731). Let h = y - -664. Is h a composite number?
False
Let x(o) = 117123*o + 967. Is x(4) a prime number?
False
Let s(l) = 7*l**3 + 7*l**2 - 37*l + 60. Let x be s(24). Suppose -6*a = -18*a + x. Is a prime?
False
Suppose -7*r + 2*r + 8070 = 0. Suppose 414 - r = 2*h. Let m = -377 - h. Is m a composite number?
False
Let m = -31516 + 153767. Is m a composite number?
False
Is 1/(15/(-257995))*(-288)/32 a prime number?
False
Suppose 181*h = 179*h - 8. Let m be -5 - (5 + (-4681 - h)). Suppose 21*a = m + 5686. Is a prime?
False
Let s(c) = -c**3 - 9*c**2 + 6*c - 19. Let i = 66 - 76. Let h be s(i). Suppose -4*p + h = -23. Is p a composite number?
False
Let q(x) = -x**3 + 4*x**2 - x + 3. Let d be q(3). Suppose -10356 = -d*v + 5691. Is v prime?
True
Let c(p) = 58745*p - 214. Let x be c(4). Is 4/(-6) + x/42 + -4 prime?
False
Let p = 953 + -821. Suppose -52660 = -p*y + 112*y. Is y composite?
False
Is (285/2565)/((-2)/(-218358)) a prime number?
False
Suppose 0 = -12*h - 76*h - 18*h + 140745316. Is h a composite number?
True
Let m(j) = j**3 + 2*j**2 + 3*j - 28. Let q be m(-11). Let h = q - -1756. Let x = -353 + h. Is x a prime number?
False
Let i = 13407 - -1372. Is i a prime number?
True
Suppose 4*f + 33074 = -2*j, -3*j - 49631 = -0*j + 2*f. Let x = j + 26418. Is x composite?
False
Suppose 0 = 21*z + 118 - 706. Suppose -48*j + z*j = -70060. Is j composite?
True
Let g be (-3576)/(-15) + 4/(-10). Let a(o) = -g*o**2 + 1 - 5*o**3 - 7*o**3 + 0 + 236*o**2. Is a(-4) a composite number?
True
Suppose -2*c - 6519 = -34885. Suppose c - 4367 = 8*q. Is q prime?
False
Let k be 23093*(14/49)/2. Suppose -k = 38*t - 78121. Is t prime?
False
Let o(y) = 43*y**2 - 37*y + 161. Is o(-32) prime?
True
Let v be 9/(-6)*-6*(-3)/9. Let r be (3 + 1950 - 0) + v. Is (-12)/42 + r/14 a composite number?
False
Let r be (1950 - -30) + 1 + -6. Is -2 - (-8)/3 - r/(-3) a prime number?
True
Suppose 2*n = -13*n. Suppose n = 14*f - 10*f - 5388. Is f a prime number?
False
Let t = -618665 + 1047318. Is t composite?
True
Suppose 371111 - 11551126 = -16*x + 2428033. Is x a prime number?
False
Suppose -96*a = -94*a + 3*l - 25609, -a = 2*l - 12807. Is a a prime number?
False
Suppose 21*n - 4*f - 560 = 16*n, 2*n + f = 224. Suppose n + 1460 = 4*w. Is w prime?
False
Let i = 8223 - 1392. Let w = -2842 + i. Is w a composite number?
False
Is 6/(-14) + (-3471604)/(-2261) prime?
False
Let s(p) = -p**2 + 10*p - 7. Let u be (9/(-5))/((-1)/5). Let h be s(u). Suppose -h*z = -643 - 15. Is z composite?
True
Let j(v) = -10 + 40*v + 6666*v**2 - 10 - 27*v + 6 + 2. Is j(1) a composite number?
True
Suppose 3*k + 14*r + 8 = 9*r, 2*k + 2*r + 4 = 0. Let c(f) be the second derivative of 83*f**4/4 - f**3/6 - f**2/2 + 2*f. Is c(k) composite?
True
Is (-422850)/(-2) + 128/(-96)*3 prime?
False
Suppose 19 = -h + 35. Is (-1)/(-2) + 4/(h/522) a prime number?
True
Let x(t) = -468*t - 149. Let d be (-74)/10 + 6/15. Is x(d) a prime number?
False
Let k be (1 + -4)*1/(-3)*4. Suppose 3*d + 0*b - 2*b = -24, 0 = -k*d + b - 27. Is ((-10)/(-15))/(d/(-21807)) composite?
False
Let q = 82 - 35. Let d = q + -44. Suppose -d*m - 2*m + 10255 = -2*z, -3*z = 0. Is m prime?
False
Is (2/(-3))/((-40)/(-185595))*(-3 - 1) composite?
False
Let u be (-1 + 0 + 0)/(17/272). Is 6/48 + (-118446)/u composite?
True
Let l(z) be the first derivative of 4*z**3/3 + 3*z**2 - z + 1. Suppose -20 = -116*g + 120*g. Is l(g) a prime number?
False
Let a(r) = 221 - 18*r**2 - 14*r**2 + 6*r + 83*r**2 + 27*r. Is a(-15) composite?
True
Let y(d) = 3*d**2 + 35*d + 22. Let h be y(-11). Suppose 0 = -0*m + 2*m - 6. Suppose 0 = g, -b - m*g + h*g = -323. Is b a composite number?
True
Let z = -1243 + 824. Let y = 670 + z. Is y composite?
False
Suppose -670279 = -3*i - 16*q + 18*q, 2*i - 5*q = 446871. Is i a prime number?
True
Let g be 15*(-7)/(-29 + -6). Suppose -4*b - g*n = -996, 0 = 5*b - n + 4*n - 1245. Is b a composite number?
True
Let z(r) = r**3 + 7*r**2 - 46*r - 15. Let x be z(-11). Suppose 0 = 2*v - x*v + 34415. Is v a prime number?
True
Let p(g) = -65*g + 26. Let x be p(12). Let q = x + 1921. Suppose a = 4*n + q, a - 3*n - 1172 = -4*n. Is a a composite number?
False
Suppose 64*y = 56*y - 24. Let j(i) = -408*i**3 + 9*i**2 - 3*i - 1. Is j(y) prime?
False
Let r(f) = 4*f**2 + 67*f + 337. Is r(-28) a composite number?
False
Let u(k) = 8*k + 42. Let m be u(-5). Suppose 5*z - 3*z - 4 = 0, -21692 = 4*a - m*z. Let q = -2703 - a. Is q a composite number?
False
Let w(i) = 608*i**2 - 34*i + 301. Is w(11) a prime number?
False
Suppose 4*y + 4*j = 340248, -8*y - 170127 = -10*y - 5*j. Is y a composite number?
False
Let r = 13402 + -83072. Is 8/12 + r/(-30) a composite number?
True
Let f be (-54)/(-6) - 10/2. Is ((-6)/f)/((-7)/11998) a composite number?
True
Suppose -7*u - 12 = -5*u. Let z be (-223)/(1/(2 + u)). Suppose -12*o + z = -8*o. Is o a composite number?
False
Let q = 58 + 53. Suppose 3*n + q = 2304. Is n a prime number?
False
Let j be -13 + 846/66 + (-53)/11. Let w(k) = 17*k**2 + 16*k - 4. Is w(j) a prime number?
False
Let r = 12503 + -1852. Is r composite?
False
Let f = 59571 - -167456. Is f prime?
True
Let v(i) = 437*i**2 + 55*i - 135. Let m be v(3). Let p = 6566 + -1012. Let h = p - m. Is h composite?
True
Let c(o) = o + 8. Let q be c(-3). Suppose -4*s = -q*k + 22845, -s + 15 = 2*s. Suppose 3229 = 2*y - k. Is y composite?
True
Let c(b) = 692*b**3 + 8*b**2 + 74*b - 485. Is c(7) a composite number?
False
Let q = -49 + 90. Suppose 18636*p - 18644*p = -40. Let u = p + q. Is u a prime number?
False
Let d = -459 - -462. Is 43359*(10/d + (-33)/11) composite?
True
Let z(c) be the third derivative of c**6/24 - 7*c**5/30 - c**4/2 + 32*c**3/3 - 159*c**2. Is z(19) a composite number?
False
Let s(z) = 274*z**2 + 8*z - 23. Is s(3) a composite number?
False
Suppose -30 = -z + 4*x, 4*z + 25 = 6*z - x. Is -58*(-4 - (-25)/z) a composite number?
True
Let u(z) = -z**3 - 3*z**2 + 10*z + 1. Let b be u(-5). Suppose -3*r = -b - 8. Suppose 0 = -m + 1 + r, 3*i - 5*m = 2062. Is i prime?
False
Let l(w) = -4*w**2 + 60*w + 8. Let a be l(15). Is 6/(-192)*-4 - (-26391)/a a prime number?
True
Let h = -114 - -276. Let p(x) = 76*x - 6 - 20 + 151*x + h*x. Is p(11) composite?
False
Let m(x) = -2202*x + 10625. Is m(-41) a prime number?
True
Suppose 3*n = x + 4 - 11, x + 3*n = 1. Let r be x*2/4*(-6)/(-4). Suppose -2*v + 1655 = r*v. Is v a prime number?
True
Suppose -2*f = 4*j - 81094 - 12088, 139823 = 3*f - 4*j. Is f a composite number?
False
Suppose -5*q = 4*h - 10, -2*h = 5*q - 3 - 7. Suppose h = -u - 3*u - 1540. Let n = u + 591. Is n a prime number?
False
Let u = -50214 + 92968. Is u prime?
False
Let u(g) = -g**3 + 26*g**2 + 10*g + 15. Let y be u(15). Suppose -5*h - 1318 + 10073 = 0. Let w = y - h. Is w composite?
True
Let f = -284 - -284. Suppose -m - 4*i + 2478 + 2259 = f, 0 = -5*m + i + 23601. Is m a prime number?
True
Let x(d) = -1820*d - 739. Is x(-15) a prime number?
True
Let s = 324605 + -158994. Is s prime?
True
Let k(q) = -13*q + 175. Let l be k(13). Let n = -51 + 33. Is (-13710)/n*l/2 a prime number?
False
Suppose 1986488 = 32*w + 318360 - 829568. Is w a composite number?
True
Let n = 38095 + -10301. Suppose 5*s + 2*p = -n, -5*s = 5*p + 37342 - 9557. Let x = -2853 - s. Is x a composite number?
False
Let d(w) = 534*w**2 - 2*w + 7. Let k be d(-3). Let f = k - 2920. Suppose c - f = -8*c. Is c composite?
False
Let s(w) = -7*w**2 - w**3 - 20*w + 976 + w - 974 - 4*w**2. Let p(x) = -x*